-8). Suppose w = b + 3. What are the prime factors of w?
2, 3
Suppose 0*o + 16 = 3*w + 5*o, 3*w + 2*o - 1 = 0. What are the prime factors of w - (3*-4 + 3)?
2, 3
What are the prime factors of 3 - (-1 - 1135/5)?
3, 7, 11
Let o(m) be the second derivative of m**8/6720 - m**7/630 + m**5/40 + m**4/4 + 3*m. Let t(k) be the third derivative of o(k). List the prime factors of t(4).
3
Let b be ((36/3)/(-2))/(-1). Let a = 8 - b. List the prime factors of a.
2
Let w(f) = -2*f**3 - 5*f**2 - f - 8. List the prime factors of w(-4).
2, 11
Suppose -2*g = -4*g - z + 202, 2*z = 5*g - 514. What are the prime factors of g?
2, 3, 17
Suppose 7*d = 4*d + 201. Suppose -2*p + 51 = -3*q, -q = -4*p + 30 + d. List the prime factors of p.
2, 3
Let w be 20/(-4)*-13 + 3. Suppose 0*q - w = -4*q. List the prime factors of q.
17
Suppose -7*n + 96 = -65. List the prime factors of n.
23
Let x(j) = 10*j**2 + 3*j - 2. Let a be x(2). Suppose 4*f - 44 - a = 0. What are the prime factors of f?
2, 11
Let m be (-6)/4*(-5 - -3). Let y(g) = -g**m - 3*g**2 + 2 + 2*g - 2*g - g. List the prime factors of y(-3).
5
Suppose 6*x - 21 = 3*x + 5*n, -x - 2*n = 4. Let v(i) = i - 8. Let f be v(4). List the prime factors of f*x/(-2)*1.
2
Let b be ((-4)/16)/((-2)/8). What are the prime factors of 1 - 2 - -38 - b?
2, 3
Suppose 3*m + 2*m = 160. List the prime factors of m.
2
Let t(k) be the first derivative of -11/2*k**2 + 3 - 2*k. What are the prime factors of t(-2)?
2, 5
Suppose 336 = 5*p + d + 74, 0 = 3*p + d - 158. What are the prime factors of p?
2, 13
Let c(h) = -7*h**3 + h**2. List the prime factors of c(-1).
2
Suppose -4*m = -a - 85, -5*m + 24 + 76 = 5*a. Let h = 31 - 18. Let f = m - h. List the prime factors of f.
2
Let o = 30 - 8. Suppose 4*l - 2*l = 5*b - o, -3*b = -5*l - 17. What are the prime factors of b?
2
Suppose -3*b + 5*b = 4. Suppose b*q = -0*q + 48. What are the prime factors of q?
2, 3
Suppose -2*k - 1 = 7, z + 4*k - 10 = 0. List the prime factors of z.
2, 13
Let s(b) = -b + 9. List the prime factors of s(-7).
2
Let d(a) = a**2 - 8*a - 3. Suppose -3*x = 4*o + 2*x - 28, -5*o - 4*x + 35 = 0. Let q be d(o). List the prime factors of (-136)/(-14) - q/35.
2, 5
Suppose 4*a - 3*v - 257 = 0, -5*v - 135 = -2*a + 4. What are the prime factors of a?
2, 31
Let v = -4 + -1. Let y be 1*5*(v - -6). Suppose -4*k = -3*n - 17, n - 2*n + y = 0. What are the prime factors of k?
2
Suppose 4*l - 3*l = 40. Suppose -5*w + l = -w. Suppose -2*n = -14 - w. List the prime factors of n.
2, 3
Suppose -5*x - 3 = -13. Suppose 0 = -m - 2*c - 16, x*c + 41 = -5*m + 1. Let p = 2 - m. What are the prime factors of p?
2
Let b = 6 + 3. Let v be (b/(-6))/((-2)/36). List the prime factors of (v/(-6))/((-6)/16).
2, 3
Let c be (4 - 5)*-8 + -4. Let f = c - -17. List the prime factors of f.
3, 7
Let q = 155 - 148. Let b = 7 + -4. Suppose b*t - q*t = -52. What are the prime factors of t?
13
Suppose -r + 235 = 5*f, -3*r + 58 - 199 = -3*f. List the prime factors of f.
47
Let h(f) = f**3 + 7*f**2 - 7*f - 1. What are the prime factors of h(-6)?
7, 11
Suppose -31 - 1 = -2*a + u, 20 = 5*u. Suppose -3 = 3*s - a. Suppose -20 = -s*b, -5*b = 3*k - k - 28. What are the prime factors of k?
2
Suppose 4*h - 16 = 0, -19 = 4*b - 5*h - 95. Suppose 5*o = o - b. List the prime factors of ((-3)/o)/(-1)*-22.
11
Let f be (0 - 0)*(-9)/27. Let w(j) = -j**3 + 29. List the prime factors of w(f).
29
Let v(n) = -4*n**3 + 5*n**2 - 6*n - 8. Let u(g) = 3*g**3 - 5*g**2 + 6*g + 7. Let z(w) = 3*u(w) + 2*v(w). List the prime factors of z(5).
5, 7
What are the prime factors of (-1)/2*(-327 + 13)?
157
Let n be 2/(-5) - (-16)/(-10). What are the prime factors of (-54)/(-10) - n/(-5)?
5
Suppose 4*t - 235 = -w, -135 = -3*t - 2*w + 35. List the prime factors of t.
2, 3, 5
Let f be 3/((-24)/26 + 1). Suppose -u + 33 = -5*o, 0*o - o = -2*u + f. What are the prime factors of u?
2, 3
Suppose -3*l = -5*l - i + 7, 0 = -3*l - 2*i + 11. Suppose m = -l*m - 80. Let o = m + 30. What are the prime factors of o?
2, 5
Let g(j) = -j**3 + 4*j**2 - j - 4. What are the prime factors of g(-3)?
2, 31
Suppose -10*m + 5*m = -260. What are the prime factors of m?
2, 13
Let t be -1 + 5/(10/8). Suppose 5*x - 205 = -5*a, -t*a + 0*x + 113 = x. What are the prime factors of a?
2, 3
Let o(p) = 2*p**3 - 3*p**2 - 8 + 4*p - p - 3*p**3 - 5*p. What are the prime factors of o(-4)?
2
Let o be (-1)/(2*(-3)/18). Suppose 5*m - 4*d + o*d = 45, 4*m = 3*d + 36. List the prime factors of m.
3
Let i = -88 + 146. Suppose 17 + i = 3*x. List the prime factors of x.
5
Suppose z = 4*x + 25, 2*x - 4*x = -z + 25. Suppose -h + 5*p = -4*h - 16, 5*h - 2*p - z = 0. What are the prime factors of h?
3
Let y = 5 + 83. What are the prime factors of y?
2, 11
List the prime factors of (-3674)/(-16) + (-51)/(-136).
2, 5, 23
Let w = 34 + -20. What are the prime factors of w?
2, 7
Let w be 2 + 0 + 1 + 0. Let s(q) = 2*q**2 - 2*q - 2. List the prime factors of s(w).
2, 5
Let v = -4 + 13. List the prime factors of v.
3
Suppose h + h - 86 = 0. Let r = h - 15. What are the prime factors of r?
2, 7
Suppose 0 = -3*o + 9*o - 972. What are the prime factors of o?
2, 3
Let l(h) = -h**2 - 6*h + 4. Let k(j) = j - 11. Let z be k(5). Let g be l(z). Suppose 5*x = -g*m + m + 64, -4*x = m - 54. List the prime factors of x.
2, 7
Let m(b) = 4*b + 4. List the prime factors of m(2).
2, 3
Let g = 23 - 16. Let l = g - -16. Suppose 4*p - 5 - l = 0. What are the prime factors of p?
7
Let o(d) = d**2 + 8*d. Let k be o(-8). Suppose -4*g + 0*g + 80 = k. Suppose 0*p = -5*p + g. List the prime factors of p.
2
Suppose 0 = -h - 2*h + 255. What are the prime factors of h?
5, 17
Let h be 56/6 + (-4)/(-6). Suppose -h = -3*a + 2*a. Let t = a - 0. What are the prime factors of t?
2, 5
Let l(q) = -q**2 - 10*q + 3. Let g(x) = x**2 + 10*x - 4. Let v(m) = 4*g(m) + 5*l(m). List the prime factors of v(-8).
3, 5
List the prime factors of 2 - -1*(140 + -5).
137
Let c = -6 - -4. Let s(n) = -2*n - 1. Let y be s(c). Suppose 0 = l - y - 8. What are the prime factors of l?
11
Let o = 0 - 0. Suppose 2*t + o*t + 2*d = 34, 3*t - d = 67. What are the prime factors of t?
3, 7
Let d(j) = -j**3 + 9*j**2 + 2*j - 1. What are the prime factors of d(9)?
17
Let f = 177 + -112. What are the prime factors of f?
5, 13
Suppose -3*f - 3*z = -15, f - 1 = -2*z + 3*z. Suppose f*h + 16 = 5*h. What are the prime factors of h?
2
Let z(p) = -p**2 - 4*p + 6. Let x be z(-6). Let c = x - -9. Suppose -c*f + 33 = 3*k, 2*f + 3*k + 23 = 3*f. What are the prime factors of f?
2, 7
List the prime factors of (8 - 4)/(3 + -1).
2
Suppose -3*s + 5*c - 45 = 0, 11 + 64 = -5*s + 5*c. What are the prime factors of 3/s - (-80)/25?
3
Suppose 0 = -0*j + 4*j - 4*d - 136, -2*j - 2*d + 84 = 0. List the prime factors of j.
2, 19
Let p = -1 - -5. Suppose 4*w - 13 = 5*u, 0*w + p*u = 3*w - 10. What are the prime factors of w?
2
Let m be -1 + (-3 - (1 + -9)). Suppose -4*x - 5*r + 48 = 0, m*r + 35 - 2 = x. What are the prime factors of x?
17
Let l = 34 + -20. Let k = l + -8. List the prime factors of k.
2, 3
Suppose 0*v + 2*r = 2*v - 4, 2*r + 4 = 5*v. Suppose -3*t = -v*t. Suppose t*d + 20 = 4*d. What are the prime factors of d?
5
Suppose -5*g = 5 - 25. Let a = -9 - g. What are the prime factors of -2 - 3/3*a?
11
Suppose -3*s = 5*v - 215, -5*s + 4 - 90 = -2*v. List the prime factors of v.
43
Let g = 5 - -3. What are the prime factors of g?
2
Suppose 7*v = 9*v - 46. What are the prime factors of v?
23
Let c = 65 - -10. What are the prime factors of c?
3, 5
Suppose 185 = o + 4*o. List the prime factors of o.
37
Let o = 182 - 95. Suppose -4*x - 5*q + 27 - o = 0, -x = 4*q + 4. List the prime factors of 2/(-1) - (x + 2).
2
Suppose 5 = v + 3*p, -2*v - 3*p - 15 = -5*v. Let c = 11 - v. List the prime factors of c.
2, 3
Let t = 13 + -11. What are the prime factors of t/(-6) - (-1751)/51?
2, 17
Let s(z) be the first derivative of 2*z**2 - 4*z - 2. Let o be (-6)/5*20/(-6). List the prime factors of s(o).
2, 3
Suppose 8*o - 585 = 3*o. What are the prime factors of o?
3, 13
Suppose 5*r - r - 3*t = 333, -t = -4*r + 343. What are the prime factors of r?
3, 29
Let j = -31 - -13. Let u be (-1 + 6)/((-3)/(-18)). Let a = u + j. What are the prime factors of a?
2, 3
Let c be (-3)/12 - 17/(-4). Suppose 0 = 4*o - c. List the prime factors of (-24)/(-